se 4*k - 2*k - 16 = 0. Suppose 0 = 3*w + 15. Let m(v) = -4*v - 6. Calculate the remainder when m(w) is divided by k.
6
Let o(s) = -s**3 - 2*s**2 + s - 4. Let g be o(-3). What is the remainder when 3/g*2 + 15 is divided by 5?
3
Suppose 0*h - 3*h - 25 = -2*o, 0 = 2*o + 4*h - 46. What is the remainder when 81 is divided by o?
13
Let i(c) be the first derivative of 3*c**3 - c + 1. What is the remainder when 31 is divided by i(-1)?
7
Let y(b) = -2 + 2*b**2 - b + 3*b - b - b**3 + b. What is the remainder when 17/4 - (-9)/(-36) is divided by y(2)?
0
Let g be 10/2*48/40. What is the remainder when 3 is divided by g/30 - (-4)/5?
0
Calculate the remainder when 5 is divided by 2*6*5/15.
1
Let g(i) = 3*i**2 + 2*i - 1. Let c be g(1). Let l(k) = -2*k + 2. Let y be l(c). Let v = y + 18. What is the remainder when 34 is divided by v?
10
Let d be 6/5*(-20)/3. Let l = -6 - d. What is the remainder when 7 is divided by l?
1
Suppose -5*j + 64 = -11. Let q = 11 + -19. Let w = j + q. What is the remainder when w is divided by 4?
3
Suppose 4*q - 5 = 3*q. Suppose -100 = -0*f - q*f. What is the remainder when 77 is divided by f?
17
Let h(z) = -z**3 - 7*z**2 - 5*z - 1. Let q be h(-6). Let j(p) = -p**3 - 6*p**2 + 4*p + 6. Calculate the remainder when j(q) is divided by 15.
12
Suppose 23 + 13 = 2*x. What is the remainder when 71 is divided by x?
17
Let v(n) = -3*n**3 + 2*n**3 + 2*n**2 + 0*n**2 + 0*n + 4*n - 2. What is the remainder when v(3) is divided by 1?
0
Let f = 468 - 762. Let c = -5 - -1. Calculate the remainder when f/(-8) - 1/c is divided by 10.
7
What is the remainder when 47 is divided by (-3564)/(-231) + (-8)/(-14)?
15
Suppose -54 = 24*j - 318. Suppose 100 = 2*g + 3*g. What is the remainder when g is divided by j?
9
Suppose 2*b - 146 = -b + u, 0 = -3*b - 2*u + 149. Let k be 1/(-2 - (-118)/60). Let n = b + k. What is the remainder when n is divided by 10?
9
Let r be ((-3)/2)/(6/(-8)). Suppose 64 = 3*h - r*h. Suppose -3*k = -k - h. Calculate the remainder when k is divided by 11.
10
Let x = 48 + -44. What is the remainder when 30 is divided by x?
2
Suppose 428 = 3*u - 4*a + 144, 2*u - 156 = -4*a. Calculate the remainder when u is divided by 30.
28
Suppose -2*v + 3*v - 70 = -5*o, 2*o - 2*v - 40 = 0. Suppose -h + 7 + o = 0. Calculate the remainder when h is divided by 8.
6
Let g = -5 + -1. Calculate the remainder when (52/(-6))/(4/g) is divided by 7.
6
Suppose -2 = -3*w + w. Suppose 2*h - 3*h = -1. What is the remainder when w is divided by h?
0
Let d(y) = -y**3 - 5*y**2 - y - 3. Let f be ((-10)/3)/(16/24). Let h be d(f). Suppose h = v - 0. Calculate the remainder when v is divided by 2.
0
Let k(t) = 43*t**2 - t. Let c be k(1). Let p = c + 3. What is the remainder when p is divided by 12?
9
Suppose -c + 126 = 2*c. Calculate the remainder when c is divided by 11.
9
Suppose 3*u - 45 = -2*x, 0 = 3*u - 2*u + 3*x - 8. Let m = u + -13. What is the remainder when 6 is divided by m?
2
Let q(w) = -w. Suppose 22 = -2*h + 2*t, 43 = -5*h - 0*h + 2*t. What is the remainder when q(h) is divided by (-1 - 9)*6/(-15)?
3
Suppose 5*a = 2*a + 45. Suppose 2*t = 2*m - 6*m + 112, 2*m - 5*t - 80 = 0. Suppose -o = -m + 1. What is the remainder when o is divided by a?
14
Calculate the remainder when 51 is divided by (9/(-18))/((-3)/108).
15
Let b = 76 - 45. Let n(c) = c**2 - 4*c + 6. Calculate the remainder when b is divided by n(5).
9
Let o = -9 - -20. Calculate the remainder when o is divided by 7.
4
What is the remainder when 1712/8*(-2)/(-4) is divided by 27?
26
Suppose -5*w + 5*v = v + 2, 7 = -4*w + 5*v. Suppose 5 - 45 = -w*c. Suppose -3*b = -19 - c. What is the remainder when 50 is divided by b?
11
Suppose 0 = t - 2, 5*i - 71 = -0*t + 2*t. Let l(s) = -s**2 - 15*s + 6. What is the remainder when l(-12) is divided by i?
12
Let n be (-92)/(-8) - (-2)/4. Let g = n - 8. Let o(v) = -v**3 - 3*v**2 + v - 5. Calculate the remainder when o(-4) is divided by g.
3
Let n = -25 - -36. Suppose 2*g - 52 = -l, 0*l = -2*l - 5*g + 105. Suppose 34 = 4*z - l. Calculate the remainder when z is divided by n.
10
Let t(n) = -n + 5. What is the remainder when t(-5) is divided by 6?
4
Let s(p) = -8*p**2 + 2*p + 2. Suppose -5*d - 14 = -4. Let t(h) = 7*h**2 - 3*h - 2. Let q(u) = d*t(u) - 3*s(u). What is the remainder when q(2) is divided by 13?
12
Suppose 0 = 8*a - 20 - 20. Let l = 12 - 7. Suppose -g + 4 = -l. What is the remainder when g is divided by a?
4
Let p(f) be the third derivative of -f**4/12 - 2*f**2. What is the remainder when 16 is divided by p(-3)?
4
Suppose -8*d + 32 = -6*d. What is the remainder when 29 is divided by d?
13
Suppose -5*x = -2*i + 7, 0 = -3*i + x + 13 + 4. Calculate the remainder when 45 is divided by i.
3
Let k(x) = -x**2 + 5*x + 5. Suppose -20 = 2*w + 2. Let r = -6 - w. What is the remainder when k(r) is divided by 2?
1
Suppose 31 - 6 = r. Suppose -4*l + m = -77, -6*m - r = -m. What is the remainder when 34 is divided by l?
16
Let x = -28 + 57. Let a(s) = s**3 + 7*s**2 - 3. Let k be a(-5). Suppose -17 = 3*l - 5*g - k, 50 = 5*l - 4*g. Calculate the remainder when x is divided by l.
9
Suppose m = -2 + 9. Let o(y) = -5*y - 2. Let j be -4 + 2 - (1 - 0). Calculate the remainder when o(j) is divided by m.
6
Let n(w) = 10*w + 1. What is the remainder when 21 is divided by n(1)?
10
Suppose 5*m - 5*b - 290 = -0*b, -3*b = 2*m - 136. Suppose 4*n + 26 = m. What is the remainder when 35 is divided by n?
8
Suppose -2*b = 2*p - 6, -4*p + 3 = -3*b - 2. What is the remainder when (b + 0)/((-2)/(-18)) is divided by 3?
0
Suppose 4*h = -5*k + 9, -3*k + 13 = 2*k + 3*h. Let p = -29 + 50. Suppose 6*f - 9 = 3*a + 3*f, -3*a = 3*f - p. Calculate the remainder when k is divided by a.
1
Suppose -8 = -5*i + 67. Calculate the remainder when 49 is divided by i.
4
Suppose -5*o + h = -10*o + 115, o - 9 = -3*h. Suppose c + c = o. Calculate the remainder when 35 is divided by c.
11
Suppose -l - 6*x + x - 4 = 0, 4 = l + x. Suppose 4*w = w + 66. What is the remainder when w is divided by l?
4
Let a = 12 - 7. Calculate the remainder when 14 is divided by a.
4
Suppose -43*q + 38*q = -160. What is the remainder when q is divided by 6?
2
Suppose 2*u - i = u + 9, -16 = 4*i. Let z(v) = -v**3 + 5*v**2 + 3. What is the remainder when 10 is divided by z(u)?
1
Suppose 2*k = -l + 58, -5*k + 9*l + 175 = 4*l. Calculate the remainder when k is divided by 9.
4
Let i(y) = y**2 + 18*y + 14. What is the remainder when 97 is divided by i(-19)?
31
Suppose -4*z + 90 = z. Suppose 0 = -2*u + 5*u - z. What is the remainder when 17 is divided by -12*(-3)/u*1?
5
Suppose -5*f - 1 = -26. Calculate the remainder when (-1)/f + (-2960)/(-50) is divided by 20.
19
Let d(l) = -l**3 + 6*l**2 - 3*l - 1. Calculate the remainder when (-4)/20 + 271/5 + 1 is divided by d(4).
17
Suppose 3 = 3*a + 6. Let t = a + 9. What is the remainder when 2*1 - (-23 + 2) is divided by t?
7
Let u = 133 - 95. What is the remainder when u is divided by 10?
8
Let q be (-2)/(-8)*40/5. Suppose -4*b - 4*i = -80, 0*b - 2*i = -q*b + 28. Calculate the remainder when b is divided by 6.
5
What is the remainder when (-283)/(-15) - (-9)/(405/6) is divided by 10?
9
Let t be 20 + 9/6*2. Let u = -13 + t. Suppose 2*w - h = w + u, -5*w - 3*h = -10. Calculate the remainder when 9 is divided by w.
4
Let q = -8 + 16. Suppose 2*j = j + q. Suppose 0*r = 3*r - l - 46, -5*r + 74 = l. What is the remainder when r is divided by j?
7
Suppose 2*w - w - 46 = y, 2*w + 5*y - 106 = 0. Calculate the remainder when 188 is divided by w.
44
Suppose 0 = w - 5*l - 25, 4*l + 56 = 2*w + 12. What is the remainder when 58 is divided by (0 + 2 + -1)*w?
18
Let b be 174/(-7) + (-4)/28. What is the remainder when 1/(-5) - 1680/b is divided by 17?
16
Let c = 5 - -3. What is the remainder when -10*(36/(-8) + 3) is divided by c?
7
Let i be (-2)/(((-6)/(-9))/(-1)). Suppose i = -2*a + 97. What is the remainder when a is divided by 12?
11
Suppose -y + 39 = -2*w, -2*y = -w - 79 - 2. What is the remainder when 162 is divided by y?
39
Suppose 2*f - 4 = -o, 3*o - 6 = -3*f + o. What is the remainder when 14 is divided by f?
0
Let g be (10/6)/(2/12). Suppose 7*m + 24 = -4*q + 3*m, 4*q - 4 = 3*m. What is the remainder when (-39)/(-5) - q/g is divided by 3?
2
Let s(o) = o**2 - 2*o - 4. Let j be s(-3). Let i = j - 8. What is the